ded by 1672.
143
What is the remainder when 4069 is divided by 80?
69
Calculate the remainder when 1712 is divided by 393.
140
What is the remainder when 14704 is divided by 7329?
46
Calculate the remainder when 211620 is divided by 211548.
72
Calculate the remainder when 740 is divided by 129.
95
What is the remainder when 45221 is divided by 3008?
101
What is the remainder when 1306 is divided by 428?
22
Calculate the remainder when 28695 is divided by 175.
170
What is the remainder when 8015 is divided by 631?
443
What is the remainder when 335907 is divided by 52?
39
What is the remainder when 215686 is divided by 43133?
21
Calculate the remainder when 11618 is divided by 684.
674
What is the remainder when 7500 is divided by 148?
100
Calculate the remainder when 76878 is divided by 12813.
0
What is the remainder when 79873 is divided by 151?
145
What is the remainder when 32713 is divided by 187?
175
What is the remainder when 121137 is divided by 44?
5
Calculate the remainder when 7783 is divided by 30.
13
What is the remainder when 7716 is divided by 371?
296
Calculate the remainder when 8003088 is divided by 34.
32
Calculate the remainder when 39540 is divided by 21.
18
What is the remainder when 36797 is divided by 9194?
21
Calculate the remainder when 490 is divided by 299.
191
What is the remainder when 3569 is divided by 889?
13
What is the remainder when 80 is divided by 18?
8
Calculate the remainder when 21175 is divided by 63.
7
What is the remainder when 3621 is divided by 3511?
110
Calculate the remainder when 260 is divided by 107.
46
What is the remainder when 7615 is divided by 72?
55
Calculate the remainder when 674840 is divided by 3443.
12
Calculate the remainder when 43405 is divided by 76.
9
What is the remainder when 328774 is divided by 109588?
10
What is the remainder when 22911 is divided by 134?
131
What is the remainder when 5175 is divided by 603?
351
Calculate the remainder when 309 is divided by 174.
135
What is the remainder when 5697 is divided by 19?
16
What is the remainder when 216563 is divided by 245?
228
Calculate the remainder when 51987 is divided by 17294.
105
What is the remainder when 35568 is divided by 15?
3
What is the remainder when 162564 is divided by 312?
12
What is the remainder when 41413 is divided by 294?
253
What is the remainder when 29181 is divided by 2918?
1
Calculate the remainder when 6701 is divided by 55.
46
Calculate the remainder when 481337 is divided by 1910.
17
What is the remainder when 75767 is divided by 88?
87
Calculate the remainder when 14327 is divided by 108.
71
What is the remainder when 1566 is divided by 763?
40
Calculate the remainder when 2413210 is divided by 12.
10
Calculate the remainder when 84958 is divided by 25.
8
What is the remainder when 16632 is divided by 57?
45
Calculate the remainder when 94332 is divided by 973.
924
What is the remainder when 127341 is divided by 7958?
13
What is the remainder when 5423 is divided by 37?
21
Calculate the remainder when 29381 is divided by 28.
9
Calculate the remainder when 307559 is divided by 132.
131
What is the remainder when 4067 is divided by 590?
527
What is the remainder when 3325 is divided by 1044?
193
Calculate the remainder when 132057 is divided by 142.
139
What is the remainder when 17269 is divided by 1914?
43
Calculate the remainder when 41656 is divided by 1068.
4
Calculate the remainder when 24067 is divided by 166.
163
What is the remainder when 1310 is divided by 636?
38
What is the remainder when 6304 is divided by 10?
4
Calculate the remainder when 6317 is divided by 2.
1
Calculate the remainder when 1048 is divided by 338.
34
What is the remainder when 13346 is divided by 150?
146
Calculate the remainder when 7377 is divided by 3688.
1
Calculate the remainder when 100930 is divided by 13.
11
Calculate the remainder when 22135 is divided by 160.
55
Calculate the remainder when 2652 is divided by 19.
11
What is the remainder when 34339 is divided by 648?
643
Calculate the remainder when 22945 is divided by 11401.
143
Calculate the remainder when 27219 is divided by 13572.
75
Calculate the remainder when 17704 is divided by 33.
16
What is the remainder when 17752 is divided by 53?
50
Calculate the remainder when 758 is divided by 661.
97
What is the remainder when 1244 is divided by 553?
138
Calculate the remainder when 546204 is divided by 104.
100
Calculate the remainder when 30478 is divided by 6087.
43
Calculate the remainder when 497 is divided by 243.
11
Calculate the remainder when 4134 is divided by 528.
438
Calculate the remainder when 5759 is divided by 495.
314
What is the remainder when 977 is divided by 411?
155
Calculate the remainder when 311 is divided by 215.
96
Calculate the remainder when 1379 is divided by 194.
21
What is the remainder when 102555 is divided by 12818?
11
What is the remainder when 10392 is divided by 481?
291
Calculate the remainder when 366114 is divided by 24.
18
Calculate the remainder when 125438 is divided by 490.
488
Calculate the remainder when 628 is divided by 107.
93
What is the remainder when 16570 is divided by 23?
10
What is the remainder when 253 is divided by 17?
15
What is the remainder when 11926 is divided by 5950?
26
What is the remainder when 1357629 is divided by 1270?
1269
Calculate the remainder when 51564 is divided by 5728.
12
Calculate the remainder when 3145 is divided by 990.
175
Calculate the remainder when 3984 is divided by 68.
40
What is the remainder when 3469 is divided by 396?
301
What is the remainder when 3167 is divided by 624?
47
What is the remainder when 42376 is divided by 900?
76
Calculate the remainder when 1226 is divided by 8.
2
Calculate the remainder when 3342 is divided by 393.
198
Calculate the remainder when 1309 is divided by 815.
494
What is the remainder when 215353 is divided by 107669?
15
Calculate the remainder when 469942 is divided by 402.
4
What is the remainder when 54874 is divided by 18?
10
What is the remainder when 1275 is divided by 102?
51
Calculate the remainder when 112718 is divided by 8.
6
Calculate the remainder when 3815 is divided by 36.
35
What is the remainder when 44879 is divided by 62?
53
What is the remainder when 135415 is divided by 11283?
19
What is the remainder when 3838415 is divided by 38?
35
What is the remainder when 207 is divided by 71?
65
Calculate the remainder when 39388 is divided by 1543.
813
What is the remainder when 3115 is divided by 15?
10
Calculate the remainder when 4297 is divided by 1412.
61
What is the remainder when 29031 is divided by 29031?
0
Calculate the remainder when 9366 is divided by 347.
344
Calculate the remainder when 12413 is divided by 257.
77
Calculate the remainder when 268648 is divided by 21.
16
What is the remainder when 15669 is divided by 45?
9
Calculate the remainder when 171909 is divided by 353.
351
Calculate the remainder when 415061 is divided by 16602.
11
Calculate the remainder when 153122 is divided by 125.
122
What is the remainder when 20325 is divided by 11?
8
Calculate the remainder when 1341 is divided by 202.
129
Calculate the remainder when 18005 is divided by 23.
19
What is the remainder when 1991 is divided by 886?
219
Calculate the remainder when 172337 is divided by 584.
57
What is the remainder when 579484 is divided by 32?
28
Calculate the remainder when 2892 is divided by 935.
87
Calculate the remainder when 145715 is divided by 143.
141
Calculate the remainder when 272054 is divided by 762.
20
What is the remainder when 2567 is divided by 1228?
111
What is the remainder when 436 is divided by 216?
4
What is the remainder when 6816 is divided by 804?
384
Calculate the remainder when 890 is divided by 228.
206
What is the remainder when 235110 is divided by 58767?
42
What is the remainder when 547835 is divided by 37?
13
What is the remainder when 25030 is divided by 20?
10
What is the remainder when 3035 is divided by 620?
555
What is the remainder when 110229 is divided by 1807?
2
What is the remainder when 12974 is divided by 1219?
784
Calculate the remainder when 7247 is divided by 10.
7
What is the remainder when 90272 is divided by 22502?
264
What is the remainder when 922995 is divided by 130?
125
Wh